y 430?
298
Calculate the remainder when 4897 is divided by 4748.
149
What is the remainder when 59259 is divided by 539?
508
What is the remainder when 2244695 is divided by 361?
358
What is the remainder when 2028 is divided by 498?
36
What is the remainder when 64720 is divided by 1061?
1060
Calculate the remainder when 12232 is divided by 6022.
188
Calculate the remainder when 15337 is divided by 319.
25
Calculate the remainder when 18995 is divided by 345.
20
What is the remainder when 167 is divided by 163?
4
What is the remainder when 317196 is divided by 325?
321
What is the remainder when 154023 is divided by 49?
16
Calculate the remainder when 216078 is divided by 33.
27
What is the remainder when 36675 is divided by 14?
9
What is the remainder when 41151 is divided by 643?
642
Calculate the remainder when 4027 is divided by 180.
67
Calculate the remainder when 475014 is divided by 65.
59
What is the remainder when 2849 is divided by 2849?
0
Calculate the remainder when 11743 is divided by 3790.
373
Calculate the remainder when 2906 is divided by 51.
50
What is the remainder when 1198 is divided by 458?
282
What is the remainder when 37598 is divided by 2666?
274
Calculate the remainder when 217914 is divided by 960.
954
Calculate the remainder when 1548 is divided by 441.
225
Calculate the remainder when 14170 is divided by 893.
775
What is the remainder when 2470 is divided by 171?
76
Calculate the remainder when 641 is divided by 207.
20
Calculate the remainder when 121807 is divided by 101.
1
Calculate the remainder when 34267 is divided by 58.
47
Calculate the remainder when 434 is divided by 228.
206
What is the remainder when 23704 is divided by 55?
54
What is the remainder when 57058 is divided by 554?
550
What is the remainder when 483116 is divided by 36?
32
Calculate the remainder when 22253 is divided by 106.
99
What is the remainder when 165128 is divided by 834?
830
Calculate the remainder when 4586 is divided by 1444.
254
Calculate the remainder when 6995642 is divided by 9.
5
What is the remainder when 15183 is divided by 7324?
535
Calculate the remainder when 15599 is divided by 624.
623
What is the remainder when 133283 is divided by 79?
10
What is the remainder when 641 is divided by 126?
11
Calculate the remainder when 253927 is divided by 10.
7
What is the remainder when 8598 is divided by 8?
6
Calculate the remainder when 4539 is divided by 2247.
45
What is the remainder when 7868 is divided by 192?
188
What is the remainder when 2626693 is divided by 313?
310
What is the remainder when 16677 is divided by 769?
528
Calculate the remainder when 11678 is divided by 813.
296
Calculate the remainder when 127 is divided by 106.
21
Calculate the remainder when 246338 is divided by 758.
746
What is the remainder when 27258 is divided by 1948?
1934
Calculate the remainder when 313795 is divided by 379.
362
Calculate the remainder when 9137 is divided by 87.
2
What is the remainder when 35851 is divided by 36?
31
Calculate the remainder when 1605 is divided by 89.
3
Calculate the remainder when 13846 is divided by 80.
6
What is the remainder when 26985 is divided by 13219?
547
What is the remainder when 2121 is divided by 453?
309
What is the remainder when 7483 is divided by 935?
3
What is the remainder when 1039 is divided by 92?
27
Calculate the remainder when 50792 is divided by 68.
64
What is the remainder when 8782 is divided by 1744?
62
Calculate the remainder when 708 is divided by 236.
0
What is the remainder when 33164 is divided by 17?
14
Calculate the remainder when 13772 is divided by 424.
204
Calculate the remainder when 9825 is divided by 702.
699
What is the remainder when 57825 is divided by 19274?
3
What is the remainder when 74278 is divided by 1428?
22
Calculate the remainder when 3803 is divided by 20.
3
What is the remainder when 44277 is divided by 169?
168
Calculate the remainder when 3868 is divided by 211.
70
Calculate the remainder when 1895 is divided by 240.
215
What is the remainder when 101237 is divided by 162?
149
What is the remainder when 382 is divided by 13?
5
What is the remainder when 7739 is divided by 3797?
145
Calculate the remainder when 26062 is divided by 103.
3
What is the remainder when 4079 is divided by 674?
35
Calculate the remainder when 2279021 is divided by 368.
365
What is the remainder when 8512918 is divided by 2040?
2038
Calculate the remainder when 75685 is divided by 255.
205
What is the remainder when 82946 is divided by 13823?
8
Calculate the remainder when 816825 is divided by 258.
255
What is the remainder when 363219 is divided by 635?
634
Calculate the remainder when 2675 is divided by 3.
2
What is the remainder when 61246 is divided by 33?
31
Calculate the remainder when 60928 is divided by 319.
318
What is the remainder when 233407 is divided by 26?
5
What is the remainder when 121705 is divided by 2897?
31
Calculate the remainder when 17304 is divided by 576.
24
What is the remainder when 13108 is divided by 190?
188
What is the remainder when 843526 is divided by 503?
498
Calculate the remainder when 189789 is divided by 253.
39
Calculate the remainder when 268 is divided by 106.
56
Calculate the remainder when 265771 is divided by 265765.
6
Calculate the remainder when 14583 is divided by 78.
75
What is the remainder when 94034 is divided by 31337?
23
Calculate the remainder when 1621 is divided by 197.
45
What is the remainder when 13660 is divided by 1048?
36
What is the remainder when 167882 is divided by 78?
26
Calculate the remainder when 4762 is divided by 4694.
68
What is the remainder when 21104 is divided by 9?
8
What is the remainder when 91692 is divided by 91683?
9
What is the remainder when 18439 is divided by 2411?
1562
What is the remainder when 2018 is divided by 103?
61
Calculate the remainder when 88603 is divided by 29534.
1
What is the remainder when 233924 is divided by 686?
684
Calculate the remainder when 76302 is divided by 8.
6
What is the remainder when 21024 is divided by 21012?
12
What is the remainder when 6605 is divided by 1651?
1
Calculate the remainder when 1546 is divided by 93.
58
Calculate the remainder when 425789 is divided by 95.
94
Calculate the remainder when 46962 is divided by 315.
27
What is the remainder when 8466 is divided by 1232?
1074
What is the remainder when 2651 is divided by 2643?
8
What is the remainder when 23362 is divided by 866?
846
What is the remainder when 48953 is divided by 24472?
9
What is the remainder when 21480 is divided by 23?
21
What is the remainder when 684072 is divided by 31?
26
What is the remainder when 12800 is divided by 6309?
182
Calculate the remainder when 908633 is divided by 52.
37
Calculate the remainder when 6037 is divided by 61.
59
What is the remainder when 25389 is divided by 552?
549
Calculate the remainder when 1870 is divided by 15.
10
What is the remainder when 238416 is divided by 57?
42
What is the remainder when 3664 is divided by 8?
0
What is the remainder when 105300 is divided by 3510?
0
What is the remainder when 25380 is divided by 143?
69
What is the remainder when 778 is divided by 20?
18
Calculate the remainder when 1175 is divided by 287.
27
What is the remainder when 6027 is divided by 194?
13
Calculate the remainder when 60006 is divided by 6665.
21
What is the remainder when 32853 is divided by 4658?
247
Calculate the remainder when 93732 is divided by 432.
420
Calculate the remainder when 1469 is divided by 185.
174
What is the remainder when 10997 is divided by 915?
17
What is the remainder when 6795 is divided by 1349?
50
What is the remainder when 68438 is divided by 1901?
2
Calculate the remainder when 3999 is divided by 972.
111
What is the remainder when 50857 is divided by 84?
37
Calculate the remainder when 25064 is divided by 8289.
197
What is the remainder when 4410 is divided by 60?
30
Calculate the remainder when 2385 is divided by 1166.
53
Calculate the remainder when 2836 is divided by 268.
156
Calculate the remainder when 244740 is divided by 24473.
10
Calculate the remainder when 4095 is divided by 993.
123
Calculate the remainder when 543606 is divided by 140.
126
Calculate the remainder when 10780 is divided by 40.
20
Calc